f (-6 - -4)*(-2661)/2?
3, 887
Let m be 1 - -1 - 0/(-2). Suppose 3*v + 33 = 2*c - 65, m*v = 8. List the prime factors of c.
5, 11
Suppose 5360 = 4*d - 14*r + 13*r, 3*r - 4005 = -3*d. What are the prime factors of d?
13, 103
Suppose 3*w - 79 - 85 = k, 2*k + w + 300 = 0. Let p be (-12)/8 - (-874)/(-4). Let l = k - p. List the prime factors of l.
2, 17
Let z(g) = 2*g + 13. Let d be z(-4). Let p be d*(1 + 887/(-5)). List the prime factors of p/(-27) + 4/(-6).
2
Suppose 0 = -18*m + 5164 + 1442. What are the prime factors of m?
367
Suppose -2*z + 3*t = -0*t - 16, 2*z = 4*t + 20. Suppose -z*o + 88 = -156. List the prime factors of o.
2, 61
Let n be (-15)/35*(0 - 1 - 6). Suppose -s = -t - 29, n*s - 5*t = 27 + 60. List the prime factors of s.
29
Suppose 2*u + u - 15 = 0. Suppose -121 = -u*z + 154. Suppose -5*v + 4*v + z = 0. List the prime factors of v.
5, 11
Let y = -12 - -14. List the prime factors of 40*(y + 16/(-20)).
2, 3
Let r(l) = -2*l**2 + 19*l - 11. Let j be r(7). Suppose 28*v - j*v - 456 = 0. What are the prime factors of v?
2, 3, 19
Let f be (770/8 - 3/12)/1. Let w = f - -122. What are the prime factors of w?
2, 109
Suppose -5*h - 13 = -2*n, 3 = -6*h + 3*h. Suppose 0 = 10*g - n*g - 210. What are the prime factors of g?
5, 7
Suppose -4 + 1 = -3*n. What are the prime factors of 57 + (4 - n) + -6?
2, 3
Let f = -6 - 22. Let h = 77 + f. What are the prime factors of h?
7
Suppose -4*c = -2*y + 488, 4*y - y - 4*c - 738 = 0. What are the prime factors of (6/5)/(20/y)?
3, 5
Let y = 20 + -16. Let o be y/8 + 142/4. Suppose 4*u - 2*a = o, -u + 4*a + 3 = -6. What are the prime factors of u?
3
Let c(y) = -y**2 + 16*y + 5. Let g be c(17). Let i = 15 + g. What are the prime factors of i?
3
Let u(l) = l**2 - 3. Let g = 17 - 15. Suppose -g*q + 28 = -5*t, -5*t - 32 = 3*q - q. List the prime factors of u(t).
3, 11
Suppose 28*h + 1913 = 7597. What are the prime factors of h?
7, 29
Suppose 4*p = -2283 + 239. Let g = -206 - p. List the prime factors of g.
5, 61
Suppose j + 2*j = 6. Suppose 3*k - 33 = -4*u, -2*k + 12 = -j*u + 4. Let s(x) = x**3 - 7*x**2 + 5*x + 4. What are the prime factors of s(k)?
3, 13
Suppose 20*h - 545 = 15*h. What are the prime factors of (-2)/1*(3 + h/(-1))?
2, 53
Let g = 227 + -87. Let s = g + -72. What are the prime factors of s?
2, 17
Suppose 7*v - 363 - 708 = 0. Suppose -4*i + v = -87. What are the prime factors of i?
2, 3, 5
Suppose -655 = 4*h - 9*h. Let x = h + -73. What are the prime factors of x?
2, 29
Suppose -25*c = -23*c + 54. List the prime factors of 6*(2 + -1)*c/(-2).
3
Suppose 2*f = -4*g + 4, -3*f - 4*g + 12 = f. Suppose f*z = -3*x + 20, x - 29 = 4*z - 1. Suppose -x - 6 = -3*t. List the prime factors of t.
2, 3
Let w = 429 - 305. What are the prime factors of w?
2, 31
Suppose -2*k - 136 = -4*t + 2*k, -3*k = -t + 44. Suppose -25*a = -t*a + 456. What are the prime factors of a?
2, 3, 19
Suppose 0 = -2*g - 14 - 24. Let c(q) = -39*q. Let h be c(-1). Let k = h + g. List the prime factors of k.
2, 5
Let v(b) = 4*b + 6. Let q(t) = t - 14. Let g be q(8). Let j be 3/g*(-6 + -2). List the prime factors of v(j).
2, 11
Let n(v) = -v**3 - 3*v**2 + v + 7. What are the prime factors of n(-10)?
17, 41
What are the prime factors of (6416/3)/(48/72)?
2, 401
Suppose -30*r + 75671 - 19601 = 0. What are the prime factors of r?
3, 7, 89
Let c = -413 + 998. Suppose 0 = -7*h + c + 318. List the prime factors of h.
3, 43
Suppose -5*v = 4*u - 8799, -8803 = -4*u + 103*v - 104*v. What are the prime factors of u?
31, 71
Suppose 5*y + 30 = 20. What are the prime factors of y/8 + 0 - (-2055)/12?
3, 19
Suppose -3*m = -56 - 28. Let l = m + 46. List the prime factors of l.
2, 37
Let o(u) = -12*u + 158. List the prime factors of o(-34).
2, 283
Suppose -6*r = -2729 + 299. List the prime factors of r.
3, 5
Let y = 4969 + -2925. What are the prime factors of y?
2, 7, 73
Suppose -4*m + 1476 = 5*j - m, 2*j = m + 597. List the prime factors of j.
3, 11
Let t = -33 - -35. What are the prime factors of 88/t*180/80?
3, 11
Suppose 5475 = 5*a + 5*h, 3693 = 4*a - 3*h - 652. List the prime factors of a.
2, 5, 109
Let v be (4522/(-8))/(-7) - (-2)/8. Let g = 141 - v. What are the prime factors of g?
2, 3, 5
Let o be ((-2)/8)/((-9)/108). Suppose -5*k = 3*f - 114, 0*k = -f - o*k + 38. List the prime factors of f.
2, 19
Let g be (60/(-45))/(2/(-3)). Suppose h = -g*h - 150. Let k = -1 - h. What are the prime factors of k?
7
Suppose -2*h = -3*r + 1177 - 6938, 4*r - 2886 = -h. What are the prime factors of h?
2, 11, 131
Let a(o) = 2*o**2 - 3*o - 16. Let g be a(6). List the prime factors of g - -4 - (-2 - -4).
2, 5
Suppose -5*u + 6*u - 4 = 0. Suppose -j = -3*j + 2*c, -u*c + 10 = -2*j. Suppose p - 8 = -0*r - 4*r, 4*r = -j*p + 24. List the prime factors of p.
2
Let y = 11332 + -5146. What are the prime factors of y?
2, 3, 1031
List the prime factors of 5/(-2)*776/(-4).
5, 97
Let z(l) = 0*l + 2*l + l**3 - 42 + 45 + 6*l**2. Suppose -3*g + 5*c = 20, g + 4*c + 1 = -0*g. List the prime factors of z(g).
2, 3
Let o(n) = -2*n - 5. Let q be o(-4). Let a(j) = -149*j**2 - 7 + 4*j + 6 + 148*j**2. List the prime factors of a(q).
2
Let f be 54/(-7) + (-4)/14. Suppose -4*o + 28 - 5 = -w, 0 = -5*o - 3*w + 33. What are the prime factors of (f/o)/((-3)/27)?
2, 3
Suppose 9*u = 8456 + 5125. What are the prime factors of u?
3, 503
Let t be -5 - -2 - (2 - 4). Let k = t - -44. Suppose -3*o + 14 = -k. List the prime factors of o.
19
Let c(k) = -15*k + 2 - 12 - 2. Let q be c(-5). Let j = q - 39. What are the prime factors of j?
2, 3
Let j = 88 + -83. Suppose -a + 11 = 3*q, 0 = 2*a - 5*a + 6. Suppose -g = i + 9 - 49, -128 = -q*i + j*g. List the prime factors of i.
41
Let c(f) = -8*f**3 - f + 1. Let p be c(-3). Suppose 0 = -4*u - u + p. What are the prime factors of u?
2, 11
Let a(z) = 9*z**2 - 2*z - 2. Let q be a(2). Let b = q - 26. Suppose b*f - 3*i - 37 = 0, 2*i + 9 = f + i. What are the prime factors of f?
2, 5
Suppose -212*z = -208*z - 6992. What are the prime factors of z?
2, 19, 23
Suppose -7 = 3*k - 1. What are the prime factors of (2 - (k + 2)) + 64?
2, 3, 11
Suppose -j + 0 = -11. List the prime factors of j.
11
Let h = 33 + -30. Suppose -x + 4*x = 3*n - 165, -2*n + h*x + 107 = 0. What are the prime factors of n?
2, 29
Let s = 31 - 28. Let q = 0 + s. List the prime factors of q.
3
Let z(a) = 10*a - 3. Let x be z(1). Suppose -x*f = 9*f - 3536. List the prime factors of f.
13, 17
Let o(h) = 49*h**2 + 20*h - 5. List the prime factors of o(-4).
3, 233
Suppose w = -4*y + 1126, -8 = -w + 5*w. Suppose -3*t + y = 2*r, -2*r - 2*t = 3*t - 286. List the prime factors of r.
2, 3, 23
Let i(c) = 4*c**2 - 14*c + 7. List the prime factors of i(9).
5, 41
Suppose -44 + 268 = 8*m. List the prime factors of m/98 + 145/7.
3, 7
Suppose -10*d + 9*d - 1625 = 0. List the prime factors of d/(-10) - (-6)/(-4).
7, 23
Let j(m) = 42*m - 120. What are the prime factors of j(12)?
2, 3
Let r(q) = 2*q**3 + q**2 + 3*q - 4. Let i(b) = -b**2 - 7*b - 7. Let w be i(-5). What are the prime factors of r(w)?
2, 17
Let m(r) = -6 + 14 + 2*r + 51 + r. List the prime factors of m(17).
2, 5, 11
Let r = -656 - -1455. List the prime factors of r.
17, 47
Let c(u) be the second derivative of u**5/20 - 5*u**4/12 - u**3/6 + 9*u**2/2 - 12*u. List the prime factors of c(7).
2, 5
List the prime factors of ((-38)/57)/((-1)/372).
2, 31
Suppose -1115*x - 16060 = -1126*x. List the prime factors of x.
2, 5, 73
Let y be 17/1 + -1 + -3. Suppose 17*t - 24 = y*t. List the prime factors of 14/(((-8)/t)/(-2)).
3, 7
Suppose 2*p - 68 = 6*p. Let q = -2 - p. List the prime factors of 252/q*40/12.
2, 7
Let m = -5 - -27. Suppose -4*g + 3*r = 5*r - m, g + r = 8. Suppose 5*d - 2*a - 117 = 0, -d - 4*d + g*a + 113 = 0. List the prime factors of d.
5
Suppose -3*i = -3*x + 12, 2*x + i + 4*i - 8 = 0. Suppose 1 - x = -3*n. List the prime factors of 6/3 + n + 7.
2, 5
Suppose -182 = -2*k - j, 2*k - 3*j - 354 = -2*k. Let t = -51 + k. List the prime factors of t - 0/(1 + -4).
3, 13
Suppose -d + 334 = 5*q, 0 = -59*q + 62*q - 9. List the prime factors of d.
11, 29
Let f(j) = -j**3 + 3*j - 4. Suppose -3*u - 40 = 5*u. What are the prime factors of f(u)?
2, 53
Let w(f) = -f**3 - 8*f**2 - 5*f - 3. Let q be w(-6). Let c be (-4)/30 + (-906)/q. What are the prime factors of 308/c + 4/(-10)?